s the tens digit of c(u)?
1
Suppose 3*h - 16 - 5 = 0. Let w(v) = v**3 - 8*v**2 + 7*v + 2. Let y be w(h). Suppose -4*r + 16 = 0, 0 = y*q + r - 12 - 40. What is the units digit of q?
4
Let r be 176 - 35 - 4*-1*1. Suppose -35 = -3*z + r. What is the units digit of z?
0
What is the ten thousands digit of 1/(40/615216) - 54/(-90)?
1
Let b be 8/(-2)*15/(-12). Suppose 3*q - 13 = -b*w - 6, 0 = 5*w + q - 9. What is the units digit of -3 + w + 6 - -90?
5
What is the ten thousands digit of ((-38825)/(-4))/(24*(-28)/(-2688))?
3
Let k be -4 + 8*(-5)/10. What is the tens digit of (k/(-6))/(30/16290)?
2
Let i = -110 - 12. Suppose -4*x = 11*r + 2690, -2*r - 455 = 5*x + 17. Let v = i - r. What is the hundreds digit of v?
1
Suppose 2*p = -2*j + 38, -2*p + 0*p + 56 = 3*j. Suppose 13*q = j*q - 30. Suppose -q*f = f - 1225. What is the tens digit of f?
7
Suppose -6*f + 6 = -12. Suppose f = 3*d + 3. Suppose 5*r + 4*j - 10 = d, 5*j - 2*j - 9 = -4*r. What is the units digit of r?
6
Let u be (43 - 42)*95*5. Suppose -3*x + 8*x = -q + u, 0 = 4*x - q - 380. What is the tens digit of x?
9
Let t be 4 - 3 - (-3 - -4). Let w = 7 - t. Suppose -103 = -w*n + 65. What is the units digit of n?
4
Suppose 0 = 29*t - 22*t - 28917. Suppose k - 3 = -x, k = 4*x - 2*x + 9. What is the hundreds digit of (x/3)/((-16542)/t - -4)?
1
What is the tens digit of 21451820/910 + 4/7?
7
Suppose t - 7901 = 4*a, -434*t + 2*a + 23663 = -431*t. What is the thousands digit of t?
7
Suppose 4*y + 8855 = 7*x + 107421, -49278 = -2*y + x. What is the units digit of y?
8
Let k = 2083 + -1187. Suppose 3*y - 385 - k = 0. What is the tens digit of y?
2
Let t(z) be the third derivative of 28*z**2 - 1/2*z**3 + 41/60*z**6 + 1/8*z**4 - 1/60*z**5 + 0 + 0*z. What is the units digit of t(1)?
1
Suppose -2*k + 4441 = 3*i, -4*i + 5*k + 3319 + 2564 = 0. Suppose -i = -5*h + 2598. What is the hundreds digit of h?
8
Let b(f) = 3*f + 19. Let h be b(-6). Let a be ((-725)/(-100))/(h/4). Suppose 0 = -a*t + 27*t + 282. What is the tens digit of t?
4
Let h = 27690 - 11994. What is the hundreds digit of h?
6
Let q = 674 - -243. Suppose -b + 975 = -4*z, -3*b - q + 3874 = 4*z. What is the units digit of b?
3
Suppose -2299437 - 6919083 = -186*t - 46*t. What is the ten thousands digit of t?
3
Let q(f) = -7*f**2 + 13*f + 5. Let o be q(5). Let r = -143 - o. Let d = 274 + r. What is the hundreds digit of d?
2
Let d(t) = 2 - 11*t + 2 - 2 - t. Let i be d(5). Let z = i - -114. What is the units digit of z?
6
Let t(s) = -s**2 - 23*s - 6. Let i be t(-15). Let l = 68 + -90. Let x = l + i. What is the tens digit of x?
9
Let g(c) = -15753*c + 2067. What is the units digit of g(-5)?
2
Let z(o) = 25*o**2 - 58*o + 63. What is the thousands digit of z(8)?
1
Suppose 9*o = 4*o - 4*l + 2891, 0 = -2*o + 5*l + 1130. What is the hundreds digit of o?
5
Suppose 9*n = 190 + 71. Let c = -40 + n. Let x = 18 - c. What is the tens digit of x?
2
Let j be (((-17)/2)/17)/((-2)/1100). Let g = j - -495. What is the tens digit of g?
7
Let s(d) = -d**3 + d**2 + 6*d + 2. Let c be s(3). Let o be 1/(c/6) + -3. Suppose o = -3*x + 6*x - 63. What is the tens digit of x?
2
Suppose 5*g = 2*k - 7*k - 225, k = 3. Suppose 3*p + 118 = 4*p. Let f = p + g. What is the units digit of f?
0
Let n be 4/(-12) + (-3594)/(-9). Suppose -1500 = 39*w - 44*w. Suppose -2*h = -3*a + h + w, -4*a + 3*h = -n. What is the units digit of a?
9
Let n = 7630 - 3732. What is the units digit of n?
8
Let r = 20999 - 11965. What is the thousands digit of r?
9
Let s(p) = -4*p - 34. Let j be s(-11). Suppose 0 = -j*u + 7*u - 504. What is the tens digit of u/(-24)*(0 + 5*1)?
3
Let q = -14899 + 30212. What is the units digit of q?
3
Let k = 69 - 62. Let w be (-278)/k*(-11 + 4). Let d = w + -123. What is the hundreds digit of d?
1
Let z(a) = 5*a - 14. Let p be z(-9). Let b = p + 63. Suppose -2*u = -5*h - 227, 0*u - 4*u + b*h + 424 = 0. What is the units digit of u?
1
Let v = -8 - -6. Suppose 4425 = -77*d + 421. What is the tens digit of (156/24)/(v/d)?
6
What is the units digit of 0 - (-27717 - (8 + -13))/1?
2
Suppose -4006*k + 1234936 = -3948*k. What is the thousands digit of k?
1
Let b(q) = 2*q**3 - q**2 - q + 10. Suppose -11*f = -14*f. Let v be b(f). Suppose 54 = c + v. What is the units digit of c?
4
Suppose 5459798 = 313*f - 858733. What is the tens digit of f?
8
What is the hundreds digit of (-11 + 22 - 615/55) + 151824/11?
8
Let f = -10598 + 18944. What is the hundreds digit of f?
3
Let j(z) = -4*z**3 + 3*z**2 - z - 2. Let o = 43 - 61. Let g be 9/o*(-1 - -7*1). What is the tens digit of j(g)?
3
Let p(o) = -2*o**3 - 22*o**2 + 30*o - 68. Let j be p(-17). Let u = -1662 + j. What is the thousands digit of u?
1
Suppose 23*n + 497112 = 37*n. What is the thousands digit of n?
5
Let l(q) = 2*q**3 + 5*q**2 - 4*q + 6. Let x be ((-7)/14)/(1/(-8)). What is the tens digit of l(x)?
9
Let b = -1 - 23. Let z = b - -74. Let n = -25 + z. What is the units digit of n?
5
Let j = -4786 - -4793. Let w = -171 + 285. Suppose t + j = 3*m - w, -m + 37 = -t. What is the units digit of m?
2
What is the ten thousands digit of 0 + 241950/9 + 5/3?
2
Let w(m) = -6*m**2 - 8*m + 14019. What is the tens digit of w(0)?
1
Let v = -18041 + 43568. What is the units digit of v?
7
Let f be (-15)/(-2)*(-42)/35. Let u(a) = 4*a**2 - 3*a + 15. Let y be u(f). What is the hundreds digit of (y/(-8))/((-18)/48)?
1
Let f be -5*((-64)/(-110) - (-12)/(-66)). What is the hundreds digit of ((-3)/f)/(16/((-25792)/(-6)))?
4
Suppose 0 = 4*m + 4*h - 28 + 4, 0 = 4*m + h - 33. Suppose -2*c = 3*o - 0*o - 961, -3*o = m. What is the units digit of c?
5
Suppose -42 = 13*t - 198. Suppose -t*m + 8330 = 2*m. What is the units digit of m?
5
Suppose -5*w = -4*w - 1551. Suppose 7*c + 319 - w = 0. Let n = c - 105. What is the tens digit of n?
7
Let t be (-241614)/(-63) - 1/7. Suppose b + h - 767 = 0, -7*b + t = -2*b - 3*h. What is the hundreds digit of b?
7
Let c be 2/18 - (-11)/(-99). Suppose -3*w + w + 3*x + 443 = c, 2*w = x + 453. What is the tens digit of w?
2
Let t = -99 + 100. Let n = t - -143. What is the hundreds digit of n?
1
Let f = 5 - 8. Let q = 2506 - 2502. What is the hundreds digit of 17*(f + 59)/q?
2
Let g(b) = -b**2 + 79*b - 136. What is the units digit of g(74)?
4
Suppose 5*d + 1 - 16 = 0. Suppose -5*b = 3*z - 1, 0 = 3*z + d + 6. What is the units digit of ((-402)/(-9))/b*9/3?
7
Let q(w) be the second derivative of 11*w**3/3 - 63*w**2/2 + 8*w - 2. What is the hundreds digit of q(14)?
2
What is the hundreds digit of 12/54 + (-10940350)/(-306)?
7
Let j = 569 + -848. What is the units digit of 30/45*j/(-2)?
3
Let r(s) = -42*s + 2. Let d be r(-1). Let z = -51 + d. What is the hundreds digit of (-1450)/z + 5/(-35)?
2
Let d be ((-108)/9)/((-3)/(-2)). Let o(i) = i - 19. Let z be o(d). Let q(x) = -x**3 - 27*x**2 - 9*x + 2. What is the units digit of q(z)?
5
Let x be (-3 + 4)*(2 + -3 - 30). Let g = 67 + x. Suppose -5*s + 2*s = -g. What is the units digit of s?
2
Let d(k) = -2*k**3 - 2*k**2 + 2*k + 3. Let g be d(-1). What is the hundreds digit of 3 - g*(-480 - 4/2)?
4
Suppose 35 = 31*h - 26*h. Suppose -5*o + h = 4*b - 1050, 759 = 3*b - 3*o. What is the tens digit of b?
5
Let c(m) = -m**3 - 16*m**2 - 15*m + 6. Let u be c(-15). What is the units digit of 45770/100 + u/20?
8
Let c be (-23 + 1)*27/(-54). Suppose 0 = c*d - 5*d - 264. Suppose 26 = 7*k - d. What is the units digit of k?
0
Suppose -8*b + 6*b - 3*o + 33 = 0, -47 = -3*b - 4*o. Suppose -1273 + 9751 = b*l. What is the tens digit of l?
4
Let u be (-8872)/9 + (-44)/198. Let y = u + 2125. What is the thousands digit of y?
1
Let g(m) = -19*m + 83. Let d(p) = 10*p - 41. Let z(h) = -9*d(h) - 4*g(h). Let n be z(19). Let b = n + 386. What is the units digit of b?
7
Suppose 98847 = -23364*z + 23391*z. What is the thousands digit of z?
3
Let s(l) = l**3 + 6*l**2 + 3*l - 18. Let g be s(-4). Suppose -3*b = 0, 2*b - 2858 = -g*q + 426. What is the units digit of q?
2
Let y be 152/57*(-63)/(-12). Suppose c - 74 = -2*z, -y*c + 3*z = -12*c - 127. What is the tens digit of c?
6
Let v be ((-32586)/(-10))/((4/(-20))/(-1)). Suppose 0 = 12*s + 2745 - v. What is the hundreds digit of s?
1
Let d(b) = b**2 + 2*b + 83. Let f be d(-49). Suppose 0 = -4*q - 2*z + 1616 + 1556, 2*z = 3*q - f. What is the units digit of q?
4
Suppose 13*d + 1